97
Let n(a) = -3*a**2 - 236*a - 1630. Give n(-71).
3
Let n(c) = -c**3 + 31*c**2 + 56*c + 1477. Calculate n(34).
-87
Let u(y) = 4*y**2 + 193*y + 1304. Calculate u(-40).
-16
Let o(u) = u**2 + 352*u - 33479. What is o(-430)?
61
Let m(b) = -1175*b + 7045. Give m(6).
-5
Let w(k) = 28*k + 2721. Determine w(-18).
2217
Let n(g) = -g**3 + 25*g**2 + 289*g - 2095. Determine n(32).
-15
Let a(z) = -3*z**2 - 95*z + 1465. Calculate a(-46).
-513
Let i(v) = v**3 + 30*v**2 - 297*v - 2902. Determine i(-36).
14
Let y(d) = -d**2 - 106*d - 2574. Give y(-38).
10
Let f(h) = -4886*h**3 - h**2 - 165*h + 167. Determine f(1).
-4885
Let h(s) = -9172*s + 431252. Give h(47).
168
Let n(o) = -9*o**3 + 4*o**2 + 729*o + 2187. What is n(-3)?
279
Let f(d) = 50427*d + 201672. Give f(-4).
-36
Let g(k) = k**2 + 53*k + 458. What is g(-51)?
356
Let b(l) = -13392*l - 39604. Determine b(-3).
572
Let i(f) = -3*f**3 + 1662*f**2 - 30505*f + 191. Calculate i(19).
1
Let q(l) = -20*l**3 - 151*l**2 - l - 24. What is q(-7)?
-556
Let t(j) = 2*j**3 + 102*j**2 - 816*j + 29. Calculate t(0).
29
Let x(j) = 67*j + 449. Calculate x(0).
449
Let y(z) = -144*z + 19886. Give y(139).
-130
Let m(x) = -119327*x - 358481. Determine m(-3).
-500
Let g(w) = -3954*w - 86959. Give g(-22).
29
Let x(l) = -48415*l - 1452427. What is x(-30)?
23
Let t(y) = -1780*y + 1632. Determine t(1).
-148
Let y(b) = 1671*b + 8267. What is y(-5)?
-88
Let x(z) = 152059*z - 1824727. Give x(12).
-19
Let c(b) = 4*b**3 - 222*b**2 - 699*b + 9. What is c(-3)?
0
Let x(d) = -d**3 + 37*d**2 + 314*d - 11638. Calculate x(37).
-20
Let d(y) = 5728*y - 280726. Calculate d(49).
-54
Let n(c) = -11625*c - 442052. Determine n(-38).
-302
Let h(p) = p**3 - 15*p**2 + 9*p - 152. Calculate h(17).
579
Let r(f) = 738*f + 2082. Calculate r(-2).
606
Let v(l) = l**2 + 76*l - 1696. Calculate v(-93).
-115
Let h(v) = 25*v**2 + 258*v + 34. Give h(-11).
221
Let j(h) = h**3 + 71*h**2 - 193*h + 14199. Calculate j(-76).
-13
Let j(g) = -1148052*g + 11480513. Calculate j(10).
-7
Let a(w) = 532*w + 61667. Determine a(-116).
-45
Let l(j) = 2*j**2 - 433*j - 36592. Give l(-65).
3
Let u(a) = a**3 + 14*a**2 + 86*a + 1512. Determine u(-15).
-3
Let h(r) = 21*r**2 - 309*r - 2191. What is h(20)?
29
Let x(g) = -124*g**3 - 251*g**2 + 148*g + 304. Calculate x(-2).
-4
Let h(y) = -30090*y - 90257. Give h(-3).
13
Let u(m) = -m**3 + 5015*m**2 + 75468*m + 254. Determine u(-15).
-16
Let k(t) = 1777*t**2 - 33*t - 58. Give k(-2).
7116
Let o(z) = z**3 + 46*z**2 + 598*z - 23. Give o(-23).
-1610
Let n(w) = -3*w**3 - 160*w**2 - 1822*w - 74704. Determine n(-51).
11
Let c(r) = 7*r**3 - 2*r**2 + 15*r + 173. Calculate c(-6).
-1501
Let u(j) = -j**3 + 5*j**2 - 28998*j + 115985. Determine u(4).
9
Let t(a) = 609*a + 344691. Calculate t(-566).
-3
Let y(o) = -o**3 + 267*o**2 + 1025*o + 636. Give y(-3).
-9
Let g(d) = 9413*d - 423616. Give g(45).
-31
Let q(h) = 376*h + 53999. Determine q(-145).
-521
Let m(f) = 20*f + 1042. Calculate m(-40).
242
Let p(m) = 997*m**2 + 7998*m + 71. Calculate p(-8).
-105
Let c(u) = -u**2 - 10219*u - 204389. What is c(-20)?
-409
Let u(d) = 81*d + 1226. Determine u(-30).
-1204
Let v(f) = -32*f**3 - 481*f**2 + 1373*f + 20830. Determine v(-15).
10
Let t(s) = s**3 - 4*s**2 - 1216*s + 2433. Calculate t(2).
-7
Let s(z) = -z**3 + 23*z**2 - 294*z + 5584. What is s(23)?
-1178
Let m(d) = 17*d - 2658. What is m(67)?
-1519
Let y(x) = -5*x**2 + 316*x + 15404. What is y(-34)?
-1120
Let g(p) = 524*p + 93850. Determine g(-179).
54
Let f(p) = 286*p + 28474. Give f(-105).
-1556
Let i(x) = 11215*x + 3353286. Give i(-299).
1
Let q(k) = -11*k**2 - 1005*k - 6020. What is q(-6)?
-386
Let w(r) = r**3 - 783*r**2 + 94465*r + 147. What is w(149)?
-2
Let n(q) = -2*q**3 - 177*q**2 - 115*q - 3049. Determine n(-88).
-673
Let p(v) = 106354*v + 2446119. Determine p(-23).
-23
Let i(m) = -4*m**2 - 734*m - 10467. Determine i(-168).
-51
Let c(k) = -58*k - 495. Determine c(-23).
839
Let h(f) = f**3 + 35*f**2 + 784*f + 25518. Give h(-34).
18
Let f(o) = -1676*o + 9423. Calculate f(7).
-2309
Let g(f) = 4056*f**2 - 12203*f + 2. Give g(3).
-103
Let i(s) = 69127*s - 1659025. Give i(24).
23
Let t(r) = -r**2 - 82*r + 831. Calculate t(-89).
208
Let m(v) = v**2 + 96*v - 360. Determine m(-99).
-63
Let w(v) = -2*v**3 + 141*v**2 - 2129*v - 123. What is w(22)?
-13
Let m(p) = 30*p + 251. What is m(-19)?
-319
Let s(y) = 439*y - 46269. Give s(106).
265
Let d(g) = -8*g**3 - 1114*g**2 - 299*g - 2913. What is d(-139)?
6
Let c(l) = 4*l**2 - 285*l + 1841. What is c(7)?
42
Let q(g) = g**2 + 141*g + 4364. What is q(-94)?
-54
Let f(y) = -10150*y - 274059. Determine f(-27).
-9
Let c(n) = -n**3 - 453*n**2 - 880*n + 9920. Determine c(-451).
-2
Let p(q) = -3*q**2 + 230*q + 2538. What is p(87)?
-159
Let x(h) = -h**3 + 2427*h**2 - 33786*h + 70. Give x(14).
14
Let t(c) = -5*c**3 - 428*c**2 + 177*c + 362. Determine t(-86).
-68
Let f(x) = -x**3 - 107*x**2 + 731*x + 31892. Give f(-111).
35
Let s(x) = -x**3 + 573*x**2 - 36502*x + 180. Give s(73).
34
Let d(j) = -45*j**2 - 37*j - 235. Determine d(-6).
-1633
Let x(k) = 1588*k + 15655. Give x(-13).
-4989
Let n(q) = -968*q**2 - 33*q - 129. Determine n(1).
-1130
Let z(s) = s**3 + 29*s**2 - 3259*s - 34485. What is z(-10)?
5
Let o(x) = -48210*x - 1060576. Determine o(-22).
44
Let y(z) = -2309*z - 11807. Give y(-5).
-262
Let r(g) = -2*g**3 - 251*g**2 + 378*g - 288. Give r(-127).
93
Let x(d) = -d**2 - 187*d + 19158. Determine x(-261).
-156
Let x(z) = -z**3 - 11*z**2 + 148*z - 240. Determine x(-18).
-636
Let i(d) = -d**3 - 89*d**2 - 1987*d + 150. What is i(-38)?
2012
Let n(w) = 4*w**3 + 747*w**2 - 2973*w - 520981. Determine n(-187).
1
Let w(x) = -x**2 + 2727*x + 66017. Determine w(-24).
-7
Let h(p) = 95*p**3 + 5*p**2 + 9*p + 3. Calculate h(-1).
-96
Let h(d) = 28806*d**2 - 201647*d + 6. Determine h(7).
-29
Let z(s) = s**2 + 9656*s - 86994. Give z(9).
-9
Let q(v) = -4*v**2 - 885*v - 2964. Calculate q(-213).
4065
Let j(d) = 725*d**3 - 10*d**2 + 29*d - 21. Determine j(1).
723
Let v(i) = -54*i + 371. Determine v(1).
317
Let j(i) = 5*i**2 - 367*i + 1577. Calculate j(5).
-133
Let m(l) = -124*l - 2201. Calculate m(-15).
-341
Let b(l) = l**3 + 58*l**2 + 755*l - 598. Determine b(-37).
216
Let j(i) = -i**2 + 155004*i + 310012. What is j(-2)?
0
Let d(r) = 17*r**2 + 1552*r - 17585. Determine d(11).
1544
Let s(h) = 5*h**2 + 243*h + 651. Determine s(-46).
53
Let x(c) = -c**2 + 77497*c - 2556295. Calculate x(33).
17
Let j(b) = -377*b + 5584. Calculate j(14).
306
Let k(v) = 7*v**2 - 2807*v + 63358. What is k(377)?
22
Let d(b) = 60*b**2 + 475*b - 6073. Calculate d(7).
192
Let i(c) = 3*c**3 + 370*c**2 + 3846*c + 4254. What is i(-112)?
-2
Let x(g) = 8*g**3 + 255*g**2 - 576*g + 61. Give x(-34).
-7
Let k(a) = -a**3 + 383*a**2 + 1500*a + 18586. What is k(387)?
10
Let b(x) = -253*x**2 - 248*x + 5. Calculate b(-2).
-511
Let j(f) = -f**2 - 1839*f + 9229. Calculate j(5).
9
Let q(n) = -10824*n - 443793. Determine q(-41).
-9
Let i(o) = -o**3 - 31*o**2 - 156*o + 473. Calculate i(-21).
-661
Let v(y) = 103*y - 6043. Calculate v(62).
343
Let w(y) = -y**3 + 203*y**2 - 816*y + 3948. Determine w(199).
-32
Let s(x) = -2*x**3 + 33*x**2 + 82*x - 811. What is s(17)?
294
Let a(q) = 22*q**2 + 430*q - 196. Give a(-20).
4
Let u(r) = 127054*r - 1651687. Calculate u(13).
15
Let v(d) = -d**3 - 77*d**2 + 18*d + 1448. Determine v(-77).
62
Let m(g) = 1454*g - 260310. Give m(179).
-44
Let v(i) = 4*i**2 - 2984*i - 38966. Calculate v(-13).
502
Let n(l) = -4*l**3 + 22*l**2 + 34441*l - 137850. Determine n(4).
10
Let w(p) = -p**3 + 34*p**2 - 118*p + 84. Calculate w(27).
2001
Let q(s) = -91400*s + 274224. Calculate q(3).
24
Let d(w) = -w**2 + 200*w - 6606. Give d(40).
-206
Let x(l) = 118694*l + 356081. Give x(-3).
-1
Let h(d) = 928*d + 117871. Calculate h(-127).
15
Let w(f) = -f**2 + 26651*f - 213211. Give w(8).
-67
Let q(g) = g**3 + 3520*g**2 + 94257*g - 1463. Give q(-27).
-5
Let z(j) = 20*j**2 - 1609*j - 874. Calculate z(81).
17
Let v(z) = -4257*z - 84185. Calculate v(-19).
-3302
Let i(g) = -g**2 - 70*g + 752. Give i(13).
-327
Let h(f) = -241*f**2 + 10992*f - 6615. Calculate h(45).
0
Let d(t) = 13*t**2 - 305*t - 670. Determine d(-2).
-8
Let w(u) = -u**2 + 102165*u - 510829. Determine w(5).
-29
Let u(x) = -23614*x + 165341. Calculate u(7).
43
Let h(q) = -6446*q -